{"id":30,"date":"2011-05-02T10:26:18","date_gmt":"2011-05-02T13:26:18","guid":{"rendered":"http:\/\/casadospisoseazulejos.com.br\/parareposicao\/?page_id=30"},"modified":"2021-06-08T10:08:09","modified_gmt":"2021-06-08T13:08:09","slug":"quem-somos","status":"publish","type":"page","link":"http:\/\/casadospisoseazulejos.com.br\/parareposicao\/quem-somos\/","title":{"rendered":"Quem Somos"},"content":{"rendered":"<div class=\"fusion-fullwidth fullwidth-box fusion-builder-row-1 fusion-flex-container nonhundred-percent-fullwidth non-hundred-percent-height-scrolling\" style=\"background-color: #ffffff;background-position: center center;background-repeat: no-repeat;border-width: 0px 0px 0px 0px;border-color:#eae9e9;border-style:solid;\" ><div class=\"fusion-builder-row fusion-row fusion-flex-align-items-flex-start\" style=\"max-width:1216.8px;margin-left: calc(-4% \/ 2 );margin-right: calc(-4% \/ 2 );\"><div class=\"fusion-layout-column fusion_builder_column fusion-builder-column-0 fusion_builder_column_1_1 1_1 fusion-flex-column\"><div class=\"fusion-column-wrapper fusion-flex-justify-content-flex-start fusion-content-layout-column\" style=\"background-position:left top;background-repeat:no-repeat;-webkit-background-size:cover;-moz-background-size:cover;-o-background-size:cover;background-size:cover;padding: 0px 0px 0px 0px;\"><div class=\"fusion-text fusion-text-1\"><p class=\"p3\">Fundada em 1993 com outro nome, e rebatizada como Casa dos Azulejos em 2007, nossa empresa busca desde seu primeiro dia contar com a maior variedade de azulejos e pisos fora de linha. Atuando no ramo de pe\u00e7as para reposi\u00e7\u00e3o, conhecido por alguns como cemit\u00e9rio ou museu de azulejos, nosso foco \u00e9 a atender as pequenas reformas, e tamb\u00e9m a amplia\u00e7\u00e3o de \u00e1reas ou ambientes, mantendo o padr\u00e3o de cer\u00e2micas j\u00e1 existente no im\u00f3vel.<\/p>\n<p class=\"p3\">Nosso investimento dia ap\u00f3s dia, \u00e9 contar com um estoque amplo e com grande variedade de cer\u00e2micas que j\u00e1 n\u00e3o se encontra mais em lojas de materiais de constru\u00e7\u00e3o, e por conta disso, n\u00e3o trabalhamos com coloca\u00e7\u00f5es novas, nem ponta de estoque.<\/p>\n<p class=\"p3\">Buscamos dessa maneira, contar com um estoque que possa atender quem busca todo tipo de cer\u00e2micas fora de linha, desde os pisos e azulejos, bem como porcelanatos, pastilhas de pr\u00e9dios, faixinhas decorativas&#8230; Contamos tamb\u00e9m com azulejos estilo portugu\u00eas, coloniais e pe\u00e7as de cores variadas para mosaicos.<\/p>\n<\/div><\/div><\/div><style type=\"text\/css\">.fusion-body .fusion-builder-column-0{width:100% !important;margin-top : 0px;margin-bottom : 0px;}.fusion-builder-column-0 > .fusion-column-wrapper {padding-top : 0px !important;padding-right : 0px !important;margin-right : 1.92%;padding-bottom : 0px !important;padding-left : 0px !important;margin-left : 1.92%;}@media only screen and (max-width:1024px) {.fusion-body .fusion-builder-column-0{width:100% !important;}.fusion-builder-column-0 > .fusion-column-wrapper {margin-right : 1.92%;margin-left : 1.92%;}}@media only screen and (max-width:640px) {.fusion-body .fusion-builder-column-0{width:100% !important;}.fusion-builder-column-0 > .fusion-column-wrapper {margin-right : 1.92%;margin-left : 1.92%;}}<\/style><\/div><style type=\"text\/css\">.fusion-body .fusion-flex-container.fusion-builder-row-1{ padding-top : 0px;margin-top : 0px;padding-right : 0px;padding-bottom : 0px;margin-bottom : 0px;padding-left : 0px;}<\/style><\/div>\n","protected":false},"excerpt":{"rendered":"","protected":false},"author":1,"featured_media":0,"parent":0,"menu_order":0,"comment_status":"closed","ping_status":"closed","template":"","meta":{"footnotes":""},"class_list":["post-30","page","type-page","status-publish","hentry"],"_links":{"self":[{"href":"http:\/\/casadospisoseazulejos.com.br\/parareposicao\/wp-json\/wp\/v2\/pages\/30","targetHints":{"allow":["GET"]}}],"collection":[{"href":"http:\/\/casadospisoseazulejos.com.br\/parareposicao\/wp-json\/wp\/v2\/pages"}],"about":[{"href":"http:\/\/casadospisoseazulejos.com.br\/parareposicao\/wp-json\/wp\/v2\/types\/page"}],"author":[{"embeddable":true,"href":"http:\/\/casadospisoseazulejos.com.br\/parareposicao\/wp-json\/wp\/v2\/users\/1"}],"replies":[{"embeddable":true,"href":"http:\/\/casadospisoseazulejos.com.br\/parareposicao\/wp-json\/wp\/v2\/comments?post=30"}],"version-history":[{"count":7,"href":"http:\/\/casadospisoseazulejos.com.br\/parareposicao\/wp-json\/wp\/v2\/pages\/30\/revisions"}],"predecessor-version":[{"id":4948,"href":"http:\/\/casadospisoseazulejos.com.br\/parareposicao\/wp-json\/wp\/v2\/pages\/30\/revisions\/4948"}],"wp:attachment":[{"href":"http:\/\/casadospisoseazulejos.com.br\/parareposicao\/wp-json\/wp\/v2\/media?parent=30"}],"curies":[{"name":"wp","href":"https:\/\/api.w.org\/{rel}","templated":true}]}}